umber?
False
Suppose 3*p + 2*t + 3*t - 4423 = 0, 4*p - 5882 = t. Is p a prime number?
True
Let d(g) = -g - 2*g**2 - 3*g**2 + 4*g**3 - 2 + 3 + 0*g**2. Is d(5) composite?
True
Let q(i) be the third derivative of 16*i**4/3 - i**3/6 - 7*i**2. Is q(1) composite?
False
Let l be 2 + (-4)/6*-3. Suppose -m = -l - 6. Is 4/m + 215/25 a prime number?
False
Let k be (-6)/(-3) + (2 - 0). Suppose -k*w + 3*b + 72 = 0, -2*b + 37 = w + 2*b. Is w composite?
True
Let k be (8/10)/((-4)/(-1090)). Is 2 + (-1)/(-2)*k composite?
True
Let i(l) = -31*l. Let g = 5 + -6. Is i(g) composite?
False
Is (-1114)/(-3) - (-3)/(-9) a prime number?
False
Suppose -3*n = -4*c - 36 + 203, -4*n = -c + 58. Let u = c + -60. Let s = 43 - u. Is s prime?
False
Suppose -4 = 2*a + 8. Let b be 756/(-10) - a/10. Let t = b - -122. Is t a composite number?
False
Suppose -3*k + 4 = 16, 4*j + 5*k + 24 = 0. Let u = j + 3. Suppose -y + 9 = u. Is y a composite number?
False
Let h(w) = 23*w. Let s(f) = 22*f + 1. Let m(r) = 2*h(r) - 3*s(r). Let j = 4 - 6. Is m(j) a composite number?
False
Let n be 206/2*(1 - 0). Let q = 407 + -225. Let c = q - n. Is c a prime number?
True
Let n be (-1 - 1) + -2 + 4. Is (n - 0) + (47 - -2) a prime number?
False
Suppose 2039 = 2*o + l - 1347, 0 = 4*o - 4*l - 6772. Is o composite?
False
Let h(p) = -p**2 - 5*p. Let y be h(-4). Is (0 - y)*445/(-20) a composite number?
False
Let s = 121 + -75. Is s a prime number?
False
Let n(d) = 21*d + 2. Let w be (-7)/3*(1 + -4). Is n(w) composite?
False
Suppose 3*y + 6 = 0, v + 4*y = 3*y + 3. Suppose -3*k - 4*w + 455 = 0, 2*k - v*w - 139 = k. Is k a prime number?
True
Let m(v) = v**2 + v - 2. Is m(3) prime?
False
Suppose 1271 = -v + 2*v. Is v a composite number?
True
Let u(c) = -2*c**3 + 4*c**2 - 3*c + 4. Let s be u(4). Let m = s - -161. Suppose -y + 2*y - 14 = 4*h, 0 = 4*y - 5*h - m. Is y a composite number?
True
Is ((-3786)/(-3))/(0 - 6/(-3)) composite?
False
Suppose -i + 21 = 2*i. Let q(g) = g**2 - 8*g + 10. Let o be q(i). Suppose 18 = o*u - 15. Is u composite?
False
Suppose -j = -3*j - 12. Let a be (-4)/(-6) + (-266)/j. Suppose f - 4 = a. Is f composite?
True
Suppose 4*w - 10600 = -884. Is w prime?
False
Let g(o) = 1 - 72*o - 3 - 1. Let r be g(-3). Suppose 232 = 5*k - r. Is k a prime number?
True
Suppose -4*n - 4 = -2*o, 4*n - n = -o + 12. Let d = 5 + o. Is d composite?
False
Let y(f) = -3*f**3 + f**2 - f - 2. Let n(g) = -10*g**3 + 3*g**2 - 4*g - 6. Let p(m) = 2*n(m) - 7*y(m). Let v be p(0). Is 8/v*(-195)/(-12) composite?
True
Suppose -2*l - 12 = -5*l. Let z(r) = r + r - 3 - 2 + 5*r**2 - r**3. Is z(l) a composite number?
False
Let z = 17 - 11. Is z a prime number?
False
Suppose 0 = 2*u - j - 21 - 29, 0 = 5*u + 3*j - 103. Let b = u - 16. Is b a prime number?
True
Let d = 23 - 26. Is (-12)/d + (533 - -4) prime?
True
Let t(w) = w**3 - 3*w**2 - 6*w - 4. Let f be t(5). Suppose -169 = -x + f. Is x a composite number?
True
Let q = -5946 - -8599. Is q prime?
False
Suppose 1289 = 5*c + 174. Is c a prime number?
True
Suppose 6*d - 3600 - 1122 = 0. Is d composite?
False
Let n(u) = -67*u - 3. Let h be n(-6). Suppose -2*r - r = -h. Is r prime?
False
Let p(j) = j**2 + 5*j + 6. Let h be p(-4). Suppose -h*c = -7*c + 725. Is c prime?
False
Let a = 4 - -1. Suppose 5*z = -a*u + 790, 2 = 5*z - 3. Is u a composite number?
False
Let d = 1 - -1. Suppose 0*h = -d*h. Suppose v - 2 - 1 = h. Is v composite?
False
Let w = 655 + -198. Is w a composite number?
False
Let r be 2/((-4)/(-3))*2. Suppose -r*z + 165 = -0*z. Is z a composite number?
True
Suppose 0*b - 955 = -5*b. Is b prime?
True
Let p = 12 + -7. Suppose -p*r + c + 448 = 0, 3*r - 143 = -c + 121. Is r composite?
False
Suppose -3*s - 2*s + 950 = 0. Suppose -5*a + s = -0*a. Is a a prime number?
False
Let k = 526 - 195. Is k prime?
True
Let k(r) = 4*r**2 - 10*r - 22. Is k(18) a composite number?
True
Let l = 0 - -2. Suppose -f - l*f = -1473. Is f a prime number?
True
Suppose 0 = 3*u - 3 - 3. Suppose m + u*m = 174. Is m prime?
False
Suppose -2*s = 583 - 2729. Is s composite?
True
Suppose 4159 = 3*n - 7*q + 11*q, 5*q = -25. Is n a prime number?
False
Suppose 0 = 4*y - 17 + 5. Suppose 3*c - 11 = -2*c + 2*x, y*x = 6. Suppose d - c*d = -38. Is d prime?
True
Is 1*3*127/3 composite?
False
Let i(z) = -z**2 - 7*z - 5. Let l be i(-6). Let n be 0/(0 + -1) + l. Is (-13 - 0)/(n/(-2)) a composite number?
True
Suppose 3*p - 1335 = -0*p. Is p prime?
False
Is 1/(((-1)/194)/(3/(-2))) a prime number?
False
Let g(d) = 5*d + 2 + 6*d**2 - 7 + 3*d**2 - 5*d**2. Let q(v) = v**2 + 9*v + 4. Let c be q(-9). Is g(c) a composite number?
False
Suppose -2*p - 1 = -3. Suppose 2*n - p - 37 = 0. Is n a composite number?
False
Let t = 36 + -21. Suppose -3*r = b - 58, 5*b + 4*r + t - 294 = 0. Is b prime?
False
Let v be (6*-1)/(6/(-4)). Suppose r - 2 - 2 = -2*o, 2*r - v*o = -8. Is 26 + r/(1 - 0) prime?
False
Suppose 9945 = 12*o - 7131. Is o a prime number?
True
Let t be (-4)/(-18) + (-169)/(-9). Let j = 1 + -1. Suppose 0*u + u - t = j. Is u a prime number?
True
Let g(h) = 2*h**2 - 8*h - 1. Let m be g(6). Let t = m - 9. Let p = t - 4. Is p a composite number?
True
Suppose -5*w = 2*f - 2853, -2*f + w + 2873 = 2*w. Is f a prime number?
True
Is (-10)/(-20)*1*8842 composite?
False
Let g(l) = 24*l**3 - l**2 + 3*l - 17. Is g(3) prime?
True
Let z = -2 + 69. Is z prime?
True
Let w(f) = f**3 + 7*f**2 - 3*f - 6. Is w(7) a composite number?
False
Let g be 8/(-6)*(9 + 3). Is -4*(164/g - 3) a prime number?
True
Suppose -392 = -3*l + 649. Is l a prime number?
True
Suppose -8*s - 1 = -7*s. Let f(b) be the first derivative of -33*b**2/2 + b + 1. Is f(s) prime?
False
Suppose 4*r + 4449 - 15821 = 0. Is r composite?
False
Let f(z) = z**3 - 7*z**2 + 7*z - 1. Let k be f(6). Suppose k*b = 4*b. Suppose b*d - 19 = -d. Is d prime?
True
Let a(q) = 2*q**2 + 5*q - 4. Let k(n) = 21*n. Let v be k(1). Let t = v + -30. Is a(t) prime?
True
Suppose 834 = 3*a - 4*g + 10, 5*g = 2*a - 547. Let l = a - 167. Is l prime?
True
Suppose -v + 6*v = 60. Suppose 7*t - 3*t = v. Suppose -o = 3*o - t*x - 47, 0 = 4*x - 12. Is o a prime number?
False
Is 4/10*(1255 - -4 - 4) a prime number?
False
Suppose 2*v - 15 = d, -d = -5*v - 6*d. Is 1*3 + -1 + v composite?
False
Suppose -2*u = -5*u - 744. Let a = -133 - u. Is a composite?
True
Let i = 75 - -264. Is i prime?
False
Let q(o) = 1 + 4*o - 3 - 3*o + o**2. Let s be q(-2). Is 11*3 + (s - 2) a prime number?
True
Let y be (-29 + -1 - 2) + 0. Let v = y - -123. Is v prime?
False
Let r(j) = -35*j + 9. Let g(a) = 34*a - 10. Let w(h) = -6*g(h) - 7*r(h). Let m = -36 + 40. Is w(m) prime?
False
Let f(q) = 11*q**2 - q. Let c be f(-1). Suppose 40 = 4*v - c. Is v composite?
False
Suppose -3*x - 2*z + 252 = 0, 3*x - 138 - 111 = -z. Is x a prime number?
False
Is 4 + (0 + -3 - -2151) + 3 a prime number?
False
Let m(n) = -10*n - 9. Let u(k) = -99*k - 90. Let j(v) = -21*m(v) + 2*u(v). Is j(7) composite?
True
Let l(h) = -h + 14. Let u(d) = 2*d - 13. Let g(c) = -2*l(c) - 3*u(c). Is g(-12) a prime number?
True
Let a be 6/(-2) + (377 - -4). Suppose -a = -5*b + 17. Is b a prime number?
True
Let v = -11 + 14. Suppose -99 = -v*f - 3*j, 2*f = 7*f + 3*j - 175. Is f a composite number?
True
Let x(w) = -12*w**2 + w - 2. Let f be x(-2). Let h = f + 74. Is h prime?
False
Let o(r) = 66*r**3 + r. Suppose 3*i + 2 - 5 = 0. Is o(i) a composite number?
False
Suppose -5*v = 7 + 43. Let y(x) = x**3 - 3*x**2 - 7*x + 2. Let c be y(5). Let w = c + v. Is w prime?
True
Suppose 3*r = 4*h + 15, -h - 5 = -2*h - r. Suppose -x - 2*p - 21 = h, -2*x = x + 5*p + 61. Let f = x - -82. Is f prime?
False
Suppose 0 = -n - 5, 0*n + 330 = 2*s + 4*n. Suppose w = 6*w - s. Is w a composite number?
True
Let z(v) = 7*v + 1. Let b be z(-2). Let i = 26 + b. Is i a prime number?
True
Let q(j) = j**2 - 2*j. Let p be q(3). Suppose 2*h = -0*h + 10. Suppose -h*r + r = -p*v + 45, 0 = 3*r. Is v a composite number?
True
Suppose -2*h = -4*h - 4. Let j be (h/4)/(2/(-64)). Suppose 3*m - 28 = -5*u + j, 2*m - 6 = 0. Is u a prime number?
True
Suppose -38 - 22 = -4*m. Let z = 77 - m. Is z a composite number?
True
Suppose -4*t + 180 = -364. Let p = -77 + t. Is p prime?
True
Let w(o) be the second derivative of -o**5/20 - o**4/6 + 2*o**3/3 - 3*o**2/2 + o. Let b(h) = -h - 2. Let k be b(2). Is w(k) a composite number?
False
Supp